 k(23). What is the greatest common factor of c and 49?
49
Let r(x) = 17*x + 689. Let c be r(-38). Calculate the greatest common divisor of 688 and c.
43
Let m(o) = o**2 + 11*o - 27. Let n be m(-14). What is the greatest common divisor of 1435 and n?
5
Let u(m) = 283*m + 11458. Let y be u(-38). What is the highest common divisor of y and 5368?
88
Suppose 4*l - 4*d - 848 = 0, 127*l - 129*l + 5*d + 436 = 0. What is the greatest common divisor of l and 3224?
104
Let y = 2003 - -10386. What is the greatest common divisor of y and 39?
13
Let g(m) be the second derivative of -m**5/10 + m. Let u be g(-1). Let d(j) = 2*j**3 + 27*j - 24. Let o be d(1). What is the greatest common divisor of u and o?
1
Let z(a) = 7*a**2 - 16*a - 17. Let t be z(11). Suppose 0*o + 2*o - 16 = -2*v, 16 = 3*v - o. Calculate the highest common divisor of v and t.
6
Let j be (-813)/(-10) - 30*6/600. Suppose -13 + 49 = 2*o. What is the greatest common divisor of o and j?
9
Let p be 1/(-6 + (-278)/(-46)). Suppose 658 = p*i + 14. What is the highest common factor of i and 126?
14
Let s(o) = -210*o - 2651. Let m be s(-14). What is the highest common factor of m and 2?
1
Let n = -3199 - -3226. Calculate the greatest common divisor of 765 and n.
9
Let c be (15/(-20))/((-55)/37620). Calculate the highest common factor of 114 and c.
57
Suppose 5*c - 13 = s - 0*c, -5*c = 3*s - 41. Suppose s + 58 = 13*f. Calculate the highest common divisor of f and 110.
5
Let n be (1 - (-2739)/6)*((-192)/(-18))/16. Calculate the greatest common divisor of n and 1.
1
Let d be (4/((-168)/7875))/((-2)/4). Calculate the greatest common factor of 1545 and d.
15
Let a(u) = -u**2 + 3*u + 5. Let p be a(2). Suppose p - 137 = -m. What is the greatest common factor of m and 78?
26
Let u be 17/2*(-1 + 7 + 0). Suppose 13*t - 129 = -u. Let w be -1 + 245/5 + 0. Calculate the greatest common factor of t and w.
6
Suppose 0 = -6*p + 2*p + 2*g + 746, g + 189 = p. Calculate the greatest common factor of 23 and p.
23
Let m be ((-4)/12 - 0)/(-13 + 3195492/245808). What is the highest common divisor of m and 12?
12
Let a = -368 + 191. Let w = 179 + a. Calculate the greatest common divisor of w and 10.
2
Let d(c) = 2*c**3 + 86*c**2 + 72*c - 127. Let p be d(-42). Let z be 13 + (1*-1 - -1). What is the highest common divisor of p and z?
13
Suppose 4*i + s = -482 + 1171, 5*i + 4*s = 875. What is the greatest common divisor of i and 36?
9
Let j = 26 + -22. Let c be (-1 + j - -6)/((-1)/2). Let s be (3 + c + -3)/(-1). What is the greatest common divisor of 2 and s?
2
Suppose -2*l + 140 + 110 = 0. Let i be (-8)/((-40)/l) - (-2 + 3). What is the greatest common factor of 192 and i?
24
Let j be (-8 + (9 - (-165)/(-12)))/((-3)/44). Suppose 2*y - b - 32 = -3*y, 4*y - 5*b - 34 = 0. Let c = y - -5. Calculate the greatest common divisor of c and j.
11
Let v = 2 + 24. Let y(g) = -g**2 + 33*g - 55. Let m be y(20). Let t = v + m. What is the greatest common divisor of t and 21?
21
Let n(c) = -5*c**3 - 9*c**2 - 5*c + 111. Let m be n(-5). Suppose 3*f - 23 = 178. What is the highest common factor of m and f?
67
Let j be 1 + 0/(-5) + 3. Suppose 2*w - 6 = 5*u - 2, j*w - 44 = u. Calculate the greatest common divisor of 12 and w.
12
Let z(c) = c**3 + 21*c**2 - 6*c + 40. Let w be z(-16). Let x be w/16 - -4*(-3)/8. Calculate the highest common divisor of 29 and x.
29
Let y = 2436 - 2362. Calculate the greatest common factor of 185 and y.
37
Let n = 371 - -1324. What is the highest common divisor of n and 3729?
339
Let g(m) = -7*m + 5. Let q be -1 - 0/((-1)/1). Let k be g(q). What is the greatest common factor of 204 and k?
12
Suppose -3*z - 486 = -k, 0 = 2*k + 2*z - 4*z - 956. Calculate the greatest common divisor of k and 3634.
158
Let v(b) = -b - 17. Let n be v(0). Let l = 28 - n. Let t = l - 15. Calculate the highest common divisor of 10 and t.
10
Let d(g) = 28*g + 2 + 1 + 34*g. Let k be d(1). Let h = k + -39. What is the highest common factor of 234 and h?
26
Let k(a) be the second derivative of -5/2*a**2 + 44*a + 4/3*a**3 + 0. Let n be k(5). What is the greatest common factor of 280 and n?
35
Suppose 6*q + 4434 = 2*k + 8*q, 0 = 4*k + q - 8886. What is the greatest common factor of k and 1053?
117
Suppose -22*t = 34 - 3026. Calculate the highest common divisor of 5270 and t.
34
Let f(n) = n**2 + 12*n + 24. Let i be ((-4)/8)/((-2)/(-44)). Let b be f(i). What is the greatest common divisor of 26 and b?
13
Suppose 153*v - 3983 = 1066. What is the highest common divisor of 154 and v?
11
Let u be 4844/22 - (-6)/(-33). What is the greatest common divisor of u and 154?
22
Let f = -2574 - -9459. What is the greatest common divisor of f and 255?
255
Let r(i) = 5*i**2 + 8*i + 90. Let z be r(-11). Suppose -3*k + 1033 = z. What is the highest common divisor of k and 497?
71
Suppose -1227 = 59*a - 17688. What is the greatest common factor of a and 217?
31
Let x = 7960 - 7781. What is the highest common divisor of x and 1?
1
Suppose 858*u = 882*u - 4200. Calculate the highest common divisor of u and 225.
25
Let g be ((-7)/(56/152))/(-1 - 0). Suppose 17*c = g*c - 60. What is the greatest common factor of c and 285?
15
Suppose t + x = -5 - 2, -5*x - 21 = -2*t. Let g(h) = 8*h**2 + 1 + 2*h + 0 + 3 - 9. Let c be g(t). What is the greatest common factor of c and 253?
23
Suppose -g + 1467 = -5*l, 3*l = -194*g + 198*g - 5766. What is the highest common factor of 6 and g?
3
Let g = -49 - -98. Let t = g + -44. Suppose 4*q - 4*m + 84 = 8*q, 3*q - 73 = -t*m. What is the greatest common factor of q and 4?
4
Suppose 2*n + 132 - 180 = 0. Let c be (-4)/(-18) + (-3794)/(-18). Suppose -c = -p - n. What is the highest common divisor of p and 17?
17
Let j(m) = -56*m**3 - m**2 + 3*m + 3. Let q be j(-1). Suppose 3*h - q = 65. Suppose 6*v - 10*v + h = 0. What is the highest common factor of 8 and v?
2
Let f be (-130)/(-14) - (-6)/126*-6. Let g(i) = 9*i - 53. Let m be g(f). Calculate the greatest common divisor of 98 and m.
14
Suppose 17*z = 2*z + 870. Let u be 1757/5 + z/(-145). Suppose 69 = 2*r - 9. Calculate the highest common factor of r and u.
39
Let z(l) = -l**3 + 6*l**2 - 4*l - 4. Let f be z(4). Let t be (-2 - 2) + f*(-164)/(-6). Calculate the greatest common factor of t and 12.
12
Let t be (-9340)/(-90) + 1 + 6/27. What is the greatest common factor of 405 and t?
15
Let d = -3888 - -3898. What is the greatest common factor of d and 3290?
10
Let n = -48 - -60. Suppose -n*q + 415 - 55 = 0. Let t be 31 + -3*(-5)/(q/(-8)). Calculate the greatest common factor of 27 and t.
27
Let m be (5 - (-3 - 272/(-40)))*80. Calculate the highest common divisor of 1392 and m.
48
Let k(i) = -i**2 + 8*i + 656. Let c be k(-16). What is the highest common divisor of 442 and c?
34
Let l = 214 - 178. Suppose l*q - 40*q + 88 = 0. Let x = 175 + -98. What is the greatest common factor of x and q?
11
Let h be (-1)/((-1)/(-10 - -8)) + 245. Calculate the greatest common divisor of 72 and h.
9
Suppose -3*k + 6*k - 90 = 0. Let f be -2 + (5 - 5) - (-2 - 6). Suppose 210 = 13*i - f*i. Calculate the greatest common factor of i and k.
30
Let a be (-2 + (-5)/((-5)/12))*59. Calculate the greatest common factor of a and 430.
10
Suppose 9*h - 16813 = -1954. What is the greatest common factor of 508 and h?
127
Let y be 5/(-1) + 2520/60. Let u = 324 - -157. What is the highest common factor of u and y?
37
Suppose -29*s + 10*s + 741 = 0. Suppose -l - s = -4*l. What is the greatest common factor of 52 and l?
13
Let z(w) = -59*w - 1438. Let i be z(-26). Calculate the highest common divisor of 21 and i.
3
Let b be (2 - 1)*(103 + 0). Let d = b + -58. Let y be ((-6912)/(-40))/12 + -3 + 108/30. Calculate the highest common factor of y and d.
15
Let t be (136/(-6))/(562450/9534 - 59). Calculate the greatest common divisor of 3405 and t.
227
Let m be (7 - (-165)/(-22))*20/(-1). Let j be -1*5/(m/(-9))*44. Calculate the highest common factor of j and 11.
11
Let d(x) = -2*x**2 + 23*x + 18. Let s = 575 - 569. Let g be d(s). What is the highest common divisor of 105 and g?
21
Let y = -70 - -70. Suppose y = 2*u - 3*u - 24. Let r = 6 - u. Calculate the highest common divisor of 75 and r.
15
Let y = -4 + 30. Let n be ((-18)/4)/(4/(256/(-12))). Suppose -y*x + 22 = -n*x. Calculate the greatest common divisor of 253 and x.
11
Suppose 